11). Let v be 1 + s + 35/7. Suppose -v*w - 3 = -21. What is the units digit of w?
6
Let k(c) = 5*c**3. Let g be k(1). Let n(t) = t**2 - 6*t + 5. Let x be n(g). Let p = x - -20. What is the units digit of p?
0
Let o(x) = 3*x**2 + 31*x - 9. Let a(y) = -y**2 - 15*y + 4. Let n(h) = -5*a(h) - 2*o(h). What is the units digit of n(5)?
8
Suppose 3*n - 3*q - q = 1, 5*n = 2*q + 25. Suppose 3*x = -1 + n. What is the tens digit of 3 + x + 0 + 10?
1
Let x = -335 - -349. What is the tens digit of x?
1
Suppose -4*j = 5*z - 14202, 6 = -4*j + 6*j. What is the units digit of z?
8
Let b(j) = j**2 + 8*j + 2. Let c be b(-8). Let o be c/12 + 131/6. Let x = o + -3. What is the tens digit of x?
1
Suppose -3*d = 5*n + 380 - 62, 5*d = -5*n - 540. Let f = -64 - d. What is the tens digit of f?
4
Suppose 5*x - 4*x - 22 = 0. Suppose -k - x = 5*o, -o - 3*o = -k + 23. What is the tens digit of 3/o - (-565)/25?
2
Suppose 4*j = -0*j. Suppose -5*p + 67 + 108 = j. What is the units digit of p?
5
Let w(l) = l**2 + 4*l + 5. Let g(j) = j**2 - 6*j + 4. Let p be g(4). Let c be w(p). Suppose 152 = c*k - 13. What is the units digit of k?
3
Let n(l) = l**2 - 5*l + 4. Let z(d) = 4*d**2 - 21*d + 17. Let y(x) = 9*n(x) - 2*z(x). What is the units digit of y(8)?
2
Suppose 47*m = 10*m + 19832. What is the hundreds digit of m?
5
Let t = 23 + -20. Suppose -32 = -t*r + 265. What is the units digit of r?
9
Let w(o) = 8*o**2 + 2*o + 1. Suppose 5*a = 4 + 6. What is the units digit of w(a)?
7
Let i = 17 - 16. Let v(u) = 40*u**3 - u**2 + u - 1. What is the units digit of v(i)?
9
Suppose -5*y + 25 = 0, -6 = a - 3*y + 13. Let t be 6 - (a/1 - -8). Let p(u) = 14*u**2 + 3*u + 2. What is the units digit of p(t)?
4
What is the hundreds digit of ((-44)/(-3))/(21/(10836/8))?
9
What is the hundreds digit of 12/2 + 456 + -10?
4
Suppose 0 = 13*q - 12739 + 3769. What is the tens digit of q?
9
Let r(t) = 8*t**2 - 239*t - 48. What is the units digit of r(38)?
2
Suppose 7*c - 2 = 8*c. What is the units digit of 21 + (c/(-1) - 2)?
1
Suppose -m = 5*h - 1314, 9*h - 6*h - 782 = m. Let c = 436 - h. What is the units digit of c?
4
Let j(z) = 90*z**2 + 28*z - 6. What is the units digit of j(4)?
6
Let n = 30 - 27. Suppose -23*y + 22*y + n = 0. What is the tens digit of y - ((-162)/1)/3?
5
Suppose 18*l - 1434 = 16*l. What is the units digit of l?
7
Suppose 2*r + 1207 = -4*t + 10027, -4*t = r - 8816. What is the tens digit of t?
0
Suppose -4*y = 0, 4*x - 8 = -0*x + 2*y. Let c(t) = 14*t**3 - 6*t**2 + 9*t. What is the units digit of c(x)?
6
Let k(j) = 10*j**2 - 21*j + 105. What is the hundreds digit of k(8)?
5
Let z(h) = 76*h**2 - 14 - 10*h + 15 + 19 - 75*h**2. What is the units digit of z(9)?
1
Let a = 2399 - 1294. What is the tens digit of a?
0
What is the units digit of (-5)/4 + (-48315)/(-60)?
4
Let n = -420 - -1126. What is the tens digit of n?
0
What is the tens digit of ((-31740)/20)/(6/(-4))?
5
Let q(s) be the first derivative of -4 - s + s**2 + 5/3*s**3. What is the units digit of q(1)?
6
Let b = 66 - -117. Suppose b = 9*i - 267. What is the tens digit of i?
5
Let a be -2*(-25)/(-10) + 10. Suppose -2*k = -a*k + 780. What is the tens digit of k?
6
Let o(l) = -l**3 + l**2 + 2*l + 22. Let r be (4 - 8/2)/2. Let n be o(r). Let j = 8 + n. What is the tens digit of j?
3
Suppose -h - 5*y + 0 + 5 = 0, -4*h + 54 = 3*y. Let d = 17 - h. Suppose 0 = -4*c + 74 - d. What is the units digit of c?
8
Let z = -4 - -20. Suppose -28 = -5*x + c, -4*x = -2*x - 2*c - z. What is the units digit of x?
5
Let l(c) = c**3 + 2*c**2 - 4*c + 3. Let q be l(3). What is the units digit of (-3 - -1)/((-8)/q)?
9
Suppose -5*l - 3*v - 23 = 9, 0 = -4*l - v - 20. What is the tens digit of (2 - (l + 4))*41?
8
Suppose 32*m + 24459 = 134923. What is the hundreds digit of m?
4
What is the hundreds digit of ((-630)/12)/(-5 - (-29)/6)?
3
Suppose 7*d - 2*d - 15 = 0. Suppose 0 = d*f - 14 + 2. Suppose -u + 79 = 4*q, -f*q + 2*u + 61 = -3*u. What is the units digit of q?
9
Suppose 2879 = 2*l + 3*r, -2*l + 10*r = 12*r - 2880. What is the tens digit of l?
4
Let q(u) = -69*u - 149. What is the units digit of q(-16)?
5
Suppose -4*v - 2*r + 1230 = 0, -v + 2*r + 0*r = -300. What is the hundreds digit of v?
3
Suppose -5*j - 417 = -1717. What is the hundreds digit of j?
2
Suppose -29*u + 12469 = 434. What is the hundreds digit of u?
4
Suppose 8*w - 1070 - 2010 = 0. What is the hundreds digit of w?
3
Let b = -103 - -222. Suppose -29 = 5*f - b. What is the units digit of f?
8
Let b(g) be the third derivative of -13*g**4/24 - 17*g**3/6 - 15*g**2. What is the units digit of b(-5)?
8
Let h be ((-8)/2)/(1 - 1 - 2). What is the tens digit of (70/(-25) + h)*-155?
2
Let a = 72 - 68. Suppose 4*n - 431 = -3*j, n + 292 = 4*n - a*j. What is the tens digit of n?
0
Suppose 3*j + 136 = 2*j. Let q be (-4)/(-10) + j/40. What is the tens digit of (-3)/(12/(-128)) - q?
3
Suppose j - 4 = -0*j. Suppose 0 = 4*o + 4, j*l + 5*o - 3*o - 494 = 0. What is the units digit of l?
4
Let i(j) = -j + 54. Let a be i(12). What is the tens digit of 1230/a + 4/(-14)?
2
Suppose -236 + 28 = -z. What is the hundreds digit of z?
2
Let u(k) = 266*k + 178. What is the thousands digit of u(11)?
3
Suppose 5*l - 5 = 4*m, 5*l = -4*m + 2 - 37. Let v = -16 + m. Let o = -9 - v. What is the tens digit of o?
1
Let h = 2 - 12. Let a(b) = -b**2 - 9*b + 12. Let u be a(h). Suppose -u*v = -c - 92, 196 = 3*v + c + 53. What is the units digit of v?
7
Let y = 18 + -6. Suppose -2*f + y = f. What is the units digit of f?
4
Let s(i) = 2*i**3 + 8*i**2 - 3*i. Let c = 44 + -48. What is the units digit of s(c)?
2
Let w(c) be the second derivative of c**4/6 + 11*c**3/6 + 24*c**2 - 30*c. What is the tens digit of w(-9)?
1
Suppose -8*d + 15*d = 6818. What is the tens digit of d?
7
Let z(o) = -3*o**2 - 3*o - 4. Let r be z(3). Let k = r + 94. What is the units digit of k?
4
Suppose 0 = 4*s + 4*r - 13356, 102*r - 106*r + 6688 = 2*s. What is the thousands digit of s?
3
Let y be (-1 - -2)/((-2)/(-6)). Suppose 6*c - y*c = 21. What is the units digit of c?
7
Suppose 0*i + 200 = 5*u + 5*i, -5*u + 5*i + 180 = 0. What is the units digit of u?
8
Let b(j) = -137*j + 38. What is the tens digit of b(-4)?
8
Let s be 6/9 - 8/12. Suppose -h + s*h = -13. Suppose 56 = b + h. What is the tens digit of b?
4
Suppose m = -0*m + 5. Let s(h) = h**2 + 3*h + 4. Let k be s(-3). Suppose -k*p - i + 32 = -36, m*i = -3*p + 51. What is the units digit of p?
7
Let b(z) = -z + 8. Let h be b(5). Let p be (5 - 4) + 12/h. Suppose -17 = -4*v + p*w, -v + 4 = -5*w + 4*w. What is the units digit of v?
3
Suppose -22 = -5*u + 5*v - 97, -5*u = 2*v + 75. Let l = 67 + u. What is the units digit of l?
2
Let t(s) = -2*s**3 + 42*s**2 - 30*s - 43. What is the hundreds digit of t(18)?
3
Suppose -5*u + 1628 = -1317. What is the tens digit of u?
8
Suppose -4*v + 3049 = -3691. What is the hundreds digit of v?
6
Suppose 1 = -5*n - 24. Let g(j) = j**3 + 9*j**2 + 2*j + 9. What is the tens digit of g(n)?
9
What is the hundreds digit of 11/(-121) + ((-10583)/(-11) - 2)?
9
What is the units digit of -3 + -2 + 1205 + -8?
2
Let w be (-6)/(-10) - 1596/35. Let l = w + 101. What is the units digit of l?
6
Let y = 52 - 73. Let x = y - -21. Suppose -6*i + 3*i + 108 = x. What is the units digit of i?
6
Let r(u) = 288*u**2 - 4*u - 52. What is the hundreds digit of r(-4)?
5
Let q(z) = z**2 - z - 8. Let n be q(4). Suppose -2*c = n, -c = 4*w - 3*c - 320. What is the tens digit of w?
7
Let d = -167 + 347. Suppose -5*f + d = -f. What is the units digit of f?
5
Let n(a) be the first derivative of 25*a**2/2 + 21*a - 4. What is the hundreds digit of n(5)?
1
Let w = -28 - -37. Let r = w - -14. What is the units digit of r?
3
Suppose -1464 = -6*l + 3*l. What is the units digit of l?
8
Let b be (-84)/(-30) - 1/(-5). Suppose -o + 39 = -l, 102 = -0*o + b*o + 2*l. What is the tens digit of o?
3
What is the hundreds digit of -5*(-227 + (-32)/(-4))?
0
Suppose -2*q = 5*x - 8*x - 4643, -3*x - 6969 = -3*q. What is the hundreds digit of q?
3
What is the hundreds digit of (-14934)/(-14) + 20/(-70)*-1?
0
Suppose g - 24 = 2*l, 0 = g + 3*l - 4 - 0. Suppose 3 = 5*z - 7. Suppose 5*d - 4*j = 51 + g, -z*d + 7 = 5*j. What is the tens digit of d?
1
Suppose 71*l - 72*l = 0. Suppose l = -4*w - 491 + 1351. What is the tens digit of w?
1
Let h(